(i) be the third derivative of i**5/20 + i**4/4 + i**3 + 2*i**2. Let z be p(-4). Suppose 4*v = -v + z. What are the prime factors of v?
2, 3
Let g be ((-2)/4)/((-5)/110). Suppose g = 2*x - 17. What are the prime factors of 21/x - (-1)/2?
2
Let b(a) be the second derivative of -a**5/20 - a**4/12 + 7*a**2/2 - a. What are the prime factors of b(0)?
7
Suppose 0 = -9*g - 27 + 117. What are the prime factors of g?
2, 5
Let j = -12 - -15. List the prime factors of -7*(1 - (9 - j)).
5, 7
Suppose -l - 3*l = 4*i - 188, -5 = -i. What are the prime factors of l?
2, 3, 7
List the prime factors of (-108)/15*(-10)/2.
2, 3
Let g = -1 - 1. Let b = 2 - g. Suppose b*a = -a - 5*k + 20, 31 = 4*a + k. List the prime factors of a.
3
Suppose -y - 88 = -5*y. Suppose -o = 3*o + 5*v + 35, -2*o = 4*v + y. Let h = -2 - o. List the prime factors of h.
3
Let a be 2/(-9) + 110/9. Suppose -s + 0 + a = 0. What are the prime factors of s?
2, 3
Let z = -6 - -9. Let l be 4/12 + (-1)/3. Suppose -z*i + l = -6. List the prime factors of i.
2
Suppose 2015 = -5*l + 18*l. List the prime factors of l.
5, 31
Suppose -9*c + 33 = -318. List the prime factors of c.
3, 13
Let q be (18/24)/((-1)/(-4)). Suppose q = -j - 0*j + 3*o, -4*j + 5*o - 5 = 0. Suppose -4*z + 48 = -j*z. What are the prime factors of z?
2, 3
Let x = -212 + 344. List the prime factors of x.
2, 3, 11
Suppose -19 = -4*a - 3*c, 0 = 5*c - 5. Suppose 0*h + 80 = 5*s - a*h, 3*h = -3*s + 21. Suppose -3*q = -33 - s. What are the prime factors of q?
3, 5
List the prime factors of 7/((-21)/6) - -58.
2, 7
Suppose 3*x = -p + 13, -4*p + 35 = -0*p - 5*x. List the prime factors of 15*(p/(-6) + 2).
5
Let v(i) = 82*i**2 - 1. Let k be v(1). Let w be 32/12*k/(-12). List the prime factors of 1/(-2 - w/8).
2
Let n be ((-2)/4)/(2/(-24)). Let j be 1/3 - (-58)/n. Let a = -6 + j. What are the prime factors of a?
2
Suppose 2*v = 2*y + 144, v - 59 = 4*y + 25. What are the prime factors of v?
2, 17
Let t = -59 - -82. What are the prime factors of t?
23
Let p(x) = 1 - 5 - 31*x + 28*x + 1. Let d(y) = y**2 + 7*y + 1. Let b be d(-6). What are the prime factors of p(b)?
2, 3
Let u = -1 - -1. Suppose u = 2*p - 1 - 13. List the prime factors of p.
7
Suppose -5*y = 85 - 330. What are the prime factors of y?
7
Let h(y) = y**3 - 3*y**2 + 2*y + 2. Let g be h(2). What are the prime factors of (7 - 0)*(3 - g)?
7
Suppose -u = -3*u + 72. What are the prime factors of u?
2, 3
What are the prime factors of (-1)/2*(-1)/((-1)/(-14))?
7
Let g(r) = -r**3 - 4*r - 3. Let f(d) = -d**3 + 8*d**2 - 7*d + 3. Let m be f(7). Suppose -m*c - 6 = -0. What are the prime factors of g(c)?
13
Let x be 3/(-1) + 21/3. Suppose -2*c + x*c = 38. What are the prime factors of c?
19
Let b = 10 + -5. Suppose 0 = 3*v - b - 10. Suppose 3*q = t + 41, 0 = 3*q + v*t - 30 - 35. What are the prime factors of q?
3, 5
Suppose -16 = -a + 246. List the prime factors of a.
2, 131
Suppose 3*z = -3*p - 36, z = 4*z + 2*p + 39. Let w = -8 - z. List the prime factors of w.
7
Let f be 1 + (-1 - 4/(-2)). Suppose 3*h - 20 = -f*h. Suppose 0 = -2*j - 6, -3*j = 2*t - h - 5. List the prime factors of t.
3
Let h be 2 + (-5)/(10/4). Suppose 5*v + 8 - 43 = h. List the prime factors of v.
7
Suppose 6*q = 1847 - 461. Suppose m - 43 = -z, 4*m - q = -m - z. List the prime factors of m.
47
Suppose 0 = 3*j + 3 + 6. What are the prime factors of ((-6)/4)/(j/6)?
3
Let j(i) = 2 - 3 + 11*i - 8 - i**2 + 1. Let k = -14 - -23. List the prime factors of j(k).
2, 5
Suppose -68 = -3*w - w. Let o be (18/4)/((-6)/(-32)). Let r = o - w. What are the prime factors of r?
7
List the prime factors of ((-2100)/(-18))/((-6)/(-9)).
5, 7
Let u(z) be the second derivative of z**4/4 - z**3/2 - 3*z**2/2 - 6*z. List the prime factors of u(-3).
3, 11
Let d = 298 + -190. List the prime factors of d.
2, 3
Let u = 2 + -4. Let g be u - (-1)/(-2 + 3). List the prime factors of (-1 + 4)*(-1)/g.
3
Let v(t) = -t**2 - 8*t - 4. Let r be v(-7). Suppose 0 = -5*i - 4*h + 199, 5*i - h = r*i + 90. List the prime factors of i.
43
Let u(v) = 8*v - 1 - 7*v - 1 - 1. Suppose 3*n - 5 = 2*n. List the prime factors of u(n).
2
Let k(n) = -n. Let d(h) = -3*h + 13. Let f be (1/(-3))/(4/(-60)). Let y(c) = f*k(c) - d(c). What are the prime factors of y(-9)?
5
Suppose 306 = -16*t + 18*t. What are the prime factors of t?
3, 17
Suppose 3*n = 5*n - 12. Let w = n - -2. List the prime factors of 9/4 + (-2)/w.
2
Let c = 278 - 191. What are the prime factors of c?
3, 29
Suppose 3*c - 44 = 16. List the prime factors of c.
2, 5
Let c(b) = -b**3 - 7*b**2 - b. Suppose 3*z + 14 = z. What are the prime factors of c(z)?
7
Let i(z) = 2*z**2 + 6*z. Suppose 4*s - 3*w = -w - 26, 4*w - 7 = -s. What are the prime factors of i(s)?
2, 5
Let i(y) = y**3 + 10*y**2 - 16*y + 5. Suppose -4*s - 16 - 28 = 0. Let x be i(s). Suppose 5*h - x - 10 = 0. What are the prime factors of h?
2, 7
Suppose -60 = 2*g + 3*g. List the prime factors of (-174)/g*(4 + -2).
29
Let w(g) = 3*g + 2. Let z(j) = -3*j - 3. Let b(m) = -3*w(m) - 2*z(m). List the prime factors of b(-5).
3, 5
Let j = -5 + 8. Let k = -1 + j. List the prime factors of (-1 + k)/((-3)/(-18)).
2, 3
Suppose -2*x + 2*y - 4 = 0, 2*x + x - 10 = -5*y. Let b = 3 - x. Suppose -2*n = -31 + b. List the prime factors of n.
2, 7
Suppose -2 = 3*n - 4*c, 5 = c - 0*c. List the prime factors of n.
2, 3
Suppose -2*c = -3*o - 69, c - 2 - 46 = -3*o. What are the prime factors of c?
3, 13
Suppose 2*m = -5*b + 102, -8*b + 4*m + 104 = -4*b. Let o = b - 15. Let d = o + 1. List the prime factors of d.
2
Let u = -31 + 85. Let y = u + -34. Let r = y + -12. List the prime factors of r.
2
Suppose j - 4*j = -9. Suppose -y - 4*y + 39 = j*k, 4*k + 17 = y. What are the prime factors of y?
3
Let i = -7 + 11. Suppose -32 = -i*n - 4*t, 3*t + 5 + 1 = 0. List the prime factors of n.
2, 5
List the prime factors of (2 + 0)*2/((-24)/(-186)).
31
Suppose 4 = -5*c + 14. What are the prime factors of c?
2
Suppose 0 = -2*i + 4*i - 3*s - 5, -4*i - 5 = -3*s. Let j = i - -10. Suppose -z - j*c = -11, -2*z + 4 = -5*c - 3. List the prime factors of z.
2, 3
Let l(a) be the first derivative of -a**3/3 - 3*a**2 + 2*a + 2. What are the prime factors of l(-5)?
7
Let i(h) = -h**3 + 6*h**2 + 4*h. Let w be 4/(-8) + (-39)/(-6). What are the prime factors of i(w)?
2, 3
Suppose -4*u + 23 = -3*b, 5*u - 4*b + 0*b - 30 = 0. Suppose s = -0 + 4, u*s = -2*k + 20. List the prime factors of k.
2, 3
Let u(t) = t**2 + 5*t - 20. What are the prime factors of u(8)?
2, 3, 7
Suppose -12*p + 13*p - 5 = 0. Let w(k) = 2*k - 5. Let g(o) = 4*o - 9. Let l(t) = -2*g(t) + 5*w(t). List the prime factors of l(p).
3
Let j(p) = -13*p. Let k be j(-3). What are the prime factors of k/12 - 1/4?
3
Suppose -3 = 4*z + 25. Let u(l) be the second derivative of l**5/20 + 7*l**4/12 + l**3/6 + 5*l**2 - 2*l. List the prime factors of u(z).
3
Suppose 2*h + 0*h = 40. Let d = 34 - h. What are the prime factors of d?
2, 7
Suppose -3*b - 20 = -8*b, -116 = -4*q + b. What are the prime factors of q?
2, 3, 5
Suppose -j - 5*h - 53 + 147 = 0, 0 = 5*j - 2*h - 524. List the prime factors of j.
2, 13
Let k be -2 - 3/2*-20. List the prime factors of (-1)/(-4) + 161/k.
2, 3
Let u = -6 - -3. Let h = 7 + u. Suppose -h*n - 12 = -5*z, n + 2*n = -z + 10. List the prime factors of z.
2
Let z be 57/21 + 2/7. Suppose l = p - 0*l - 29, -2*l = -z*p + 88. Suppose 3*n = -3 + p. List the prime factors of n.
3
What are the prime factors of -2 + -1 - (-7 - 46)?
2, 5
Suppose 3*z = 5*q + 4, 6*z - z + 4*q = -18. Let n be (-28)/(z/3 - 0). Suppose 2*u + u = n. List the prime factors of u.
2, 7
Let w(v) be the second derivative of -v**3/3 - 4*v**2 - 3*v. List the prime factors of w(-7).
2, 3
Suppose 4*y - 13 = 5*s, -y + 4*y - s - 7 = 0. Let d = 3 - 15. What are the prime factors of y/(1/d*-3)?
2
Let m = -8 - -11. Suppose -4*d = -f + 6, -m*f + d - 4*d - 27 = 0. Let l = f - -10. What are the prime factors of l?
2
Suppose 2*q = -q + 3. Let p(t) = 3*t**3 - t**2 + 2*t - 1. What are the prime factors of p(q)?
3
Let x(t) = -11*t**2 - 4*t - 4. Let o(y) = y**3 - y + 1. Let l(z) = -o(z) + x(z). What are the prime factors of l(-11)?
2, 7
Suppose -d + 1 - 12 = 0. Let n = d - -31. Let w = n - 14. List the prime factors of w.
2, 3
Suppose -8*m = -3*m - 35. Suppose -5*t - m - 13 = 0. Let f = t + 9. List